or of 165 and 4005.
15
What is the greatest common factor of 2024072 and 4?
4
What is the highest common factor of 601 and 468?
1
What is the greatest common divisor of 229524 and 1116?
372
What is the greatest common divisor of 116260 and 100?
20
Calculate the highest common divisor of 473 and 479149.
473
What is the highest common divisor of 31640 and 40?
40
What is the greatest common factor of 11528 and 704?
88
What is the greatest common divisor of 161 and 4991?
161
What is the greatest common divisor of 1207 and 58717?
71
Calculate the greatest common factor of 264 and 155544.
24
What is the greatest common factor of 27 and 91728?
9
Calculate the highest common divisor of 109975 and 106.
53
Calculate the greatest common factor of 744 and 558465.
93
What is the highest common factor of 6732 and 11?
11
Calculate the highest common factor of 83506 and 80593.
971
Calculate the highest common divisor of 171 and 1900.
19
Calculate the greatest common factor of 575 and 21367.
23
What is the greatest common factor of 1643930 and 930?
310
What is the greatest common divisor of 512 and 416?
32
What is the highest common divisor of 432 and 5436864?
144
What is the highest common factor of 40 and 252560?
40
Calculate the highest common divisor of 496 and 77624.
248
What is the highest common factor of 35 and 978061?
7
Calculate the highest common divisor of 55 and 559435.
5
Calculate the highest common divisor of 12672 and 16064.
64
What is the greatest common divisor of 3 and 123738?
3
What is the greatest common factor of 606 and 443289?
303
What is the greatest common factor of 48 and 114423?
3
What is the highest common factor of 21735 and 8004?
69
What is the highest common factor of 34520 and 40?
40
What is the greatest common factor of 15712 and 640?
32
What is the greatest common divisor of 27594 and 1022?
1022
What is the highest common divisor of 1085261 and 19?
19
Calculate the greatest common divisor of 4109 and 18291.
7
Calculate the highest common factor of 13824 and 92448.
864
What is the greatest common divisor of 770 and 155?
5
Calculate the greatest common factor of 2458771 and 266.
133
What is the greatest common divisor of 627 and 156959?
209
Calculate the highest common factor of 23745 and 25.
5
What is the greatest common divisor of 4533 and 6788923?
1511
Calculate the highest common divisor of 19773 and 45.
9
Calculate the greatest common divisor of 1425 and 41610.
285
What is the highest common factor of 159130 and 10?
10
Calculate the greatest common factor of 127 and 59.
1
Calculate the greatest common divisor of 52778 and 2596.
22
Calculate the greatest common divisor of 30 and 367605.
15
Calculate the highest common divisor of 15674 and 7276.
34
Calculate the greatest common divisor of 15670413 and 306.
153
What is the greatest common factor of 141 and 359221?
47
What is the highest common divisor of 5706 and 126?
18
What is the highest common factor of 8951 and 1?
1
What is the highest common divisor of 65 and 93197?
13
What is the highest common factor of 17167623 and 33?
33
What is the highest common divisor of 296917 and 194?
97
What is the greatest common divisor of 42 and 50442?
42
What is the greatest common factor of 19334 and 14?
14
What is the highest common factor of 7218 and 145162?
802
Calculate the highest common divisor of 931 and 149739.
19
Calculate the greatest common factor of 1302 and 145638.
186
What is the greatest common divisor of 1920 and 1340?
20
What is the greatest common factor of 810 and 1965330?
270
What is the highest common divisor of 146250 and 500?
250
What is the greatest common divisor of 31006 and 74?
74
Calculate the greatest common divisor of 3248491 and 879.
293
What is the highest common factor of 444438 and 18?
18
What is the greatest common divisor of 315 and 162036?
63
What is the greatest common factor of 85896 and 72?
72
What is the greatest common divisor of 1677 and 54782?
559
What is the greatest common divisor of 530363 and 251?
251
What is the greatest common divisor of 35571 and 45440?
71
What is the greatest common divisor of 354433 and 17?
17
Calculate the greatest common factor of 125670 and 5538.
426
Calculate the greatest common factor of 552973 and 1724.
431
What is the greatest common factor of 15818 and 6?
2
Calculate the greatest common divisor of 1269227 and 793.
61
What is the greatest common divisor of 905457 and 21?
21
Calculate the highest common factor of 4268 and 15444.
44
What is the greatest common divisor of 37 and 72890?
37
Calculate the greatest common divisor of 38 and 303050.
38
Calculate the greatest common divisor of 214 and 15899558.
214
Calculate the greatest common divisor of 26528 and 416.
32
What is the greatest common divisor of 242 and 2080958?
242
What is the greatest common factor of 729174 and 318?
318
Calculate the highest common divisor of 81356 and 44.
44
Calculate the highest common divisor of 24 and 39128.
8
What is the greatest common divisor of 170 and 149770?
170
What is the greatest common factor of 625929 and 111?
111
Calculate the highest common factor of 10024 and 1624.
56
What is the highest common divisor of 108 and 1149?
3
What is the greatest common divisor of 49623 and 84609?
357
Calculate the greatest common divisor of 10933 and 52.
13
Calculate the greatest common divisor of 1730022 and 3570.
714
What is the highest common divisor of 761424 and 12?
12
What is the highest common factor of 4040 and 235?
5
What is the greatest common factor of 183 and 808311?
183
What is the greatest common divisor of 1218713 and 1445?
289
What is the greatest common factor of 56784 and 9360?
624
What is the greatest common divisor of 207 and 57063?
69
What is the highest common divisor of 866 and 2860831?
433
Calculate the greatest common divisor of 86947 and 35.
7
Calculate the greatest common factor of 16 and 31111568.
16
Calculate the greatest common divisor of 43 and 41753.
43
What is the greatest common factor of 104058 and 45?
9
What is the greatest common divisor of 120 and 2340000?
120
What is the highest common factor of 422 and 52961?
211
Calculate the greatest common divisor of 3160 and 1220.
20
Calculate the highest common divisor of 172 and 167012.
172
Calculate the highest common factor of 732 and 1524.
12
Calculate the greatest common factor of 32 and 7952.
16
Calculate the greatest common factor of 74055 and 105.
15
Calculate the highest common factor of 76 and 76.
76
What is the highest common divisor of 4390 and 50?
10
What is the greatest common factor of 4009 and 5624?
19
Calculate the highest common factor of 101637 and 86907.
1473
Calculate the highest common divisor of 33852 and 210.
42
What is the greatest common divisor of 81029 and 46?
23
Calculate the greatest common factor of 2700 and 285300.
900
Calculate the highest common divisor of 897 and 46254.
39
Calculate the highest common divisor of 13589 and 3317.
107
What is the greatest common factor of 5175 and 87561?
207
Calculate the greatest common divisor of 844 and 862990.
422
Calculate the highest common divisor of 67081 and 20433.
49
Calculate the greatest common divisor of 900900 and 300.
300
Calculate the highest common factor of 11970 and 13104.
126
What is the highest common factor of 735 and 5113395?
735
What is the greatest common divisor of 17 and 658376?
17
What is the greatest common factor of 1062670 and 38?
38
What is the greatest common divisor of 309771 and 308?
77
What is the highest common divisor of 714 and 1430618?
238
What is the highest common divisor of 1154368 and 34?
34
What is the greatest common factor of 1909 and 5014?
23
What is the highest common divisor of 812 and 183316?
28
What is the highest common factor of 33406 and 2?
2
What is the highest common factor of 209196 and 2384?
596
What is the highest common factor of 5700 and 204060?
1140
What is the highest common divisor of 2034 and 18?
18
What is the highest common factor of 36 and 98271?
9
Calculate the highest common factor of 12 and 9633.
3
Calculate the highest common divisor of 368 and 7648.
16
Calculate the greatest common factor of 11097 and 123444.
81
Calculate the greatest common factor of 14679 and 1575.
63
Calculate the highest common divisor of 463800 and